m(c) = t*g(c) - 11*u(c). What are the prime factors of m(-9)?
11
Let l(j) = 4*j**2 + 2*j + 1. Let s be l(-1). List the prime factors of 6/(-9)*s + 120.
2, 59
Let c = 124 - 186. Let a = 50 - c. Suppose 4*x = -28 + a. What are the prime factors of x?
3, 7
Let n(q) = -15*q - 94. List the prime factors of n(-25).
281
Let u(q) = -q + 15. Let m = -4 - 25. Let k = -22 - m. What are the prime factors of u(k)?
2
Let p(g) = -7*g + 5. Let z(v) = -4*v**3 - 3*v + 2. Let c be z(1). List the prime factors of p(c).
2, 5
Let r(m) = 38*m**2 + 16*m + 6. List the prime factors of r(4).
2, 3, 113
Let b(r) = -4*r. Let u be b(-1). Suppose -5 = -39*d + 38*d. Suppose 3*g - d*w = 89, -u*g + w - 42 = -6*g. What are the prime factors of g?
23
Let n be 13/(-6) + (20/24)/5. Suppose c - q - 4 = 2, -5*q - 28 = -3*c. What are the prime factors of (c/n)/(-1)*58?
29
Let s(m) = 20*m**2 - 5*m + 21. Let c be s(3). Let p = -151 + c. List the prime factors of p.
5, 7
Let p be 6/(-45) + 62/15. Suppose -35 = p*l - 907. List the prime factors of l.
2, 109
Suppose 161*d = 145*d + 87344. What are the prime factors of d?
53, 103
Suppose 0 = -3*f - 2*f. Suppose f*r - 5*r = 2*p - 170, 3*r = 3*p + 81. Suppose s = -s + r. List the prime factors of s.
2
Let p(f) = 2 - 21 + 2*f**2 - 34*f + 28 + 26. What are the prime factors of p(20)?
5, 31
Let y = -2 + 7. Suppose n - w + 2 = 1, y*n + w - 19 = 0. Suppose 0 = 2*p - 4*p + n*v + 85, -p + 36 = 5*v. What are the prime factors of p?
41
Let s be ((-4)/8 - 2)*16. Let z be -7 - 8*(-4)/(-8). Let p = z - s. List the prime factors of p.
29
What are the prime factors of 120/(-1020) + ((-11054)/(-34) - 2)?
17, 19
What are the prime factors of (-6606 - 0)*(-5 + 154/33)?
2, 3, 367
Suppose -5*m + 7*m - 3*j = 20, -4*j + 73 = 5*m. Suppose 3*q + m - 5 = 5*f, q + 12 = 4*f. Suppose 0*c = -q*c + 48. What are the prime factors of c?
2, 3
Let s(h) be the second derivative of -h**3 + 22*h**2 + 3*h + 20. What are the prime factors of s(-5)?
2, 37
What are the prime factors of (-35)/(30/6) - -2417?
2, 5, 241
Let r = 1632 + -544. What are the prime factors of r?
2, 17
Let j(k) be the second derivative of 5*k**3/2 - 45*k**2/2 - 3*k - 2. List the prime factors of j(18).
3, 5
Suppose 3*g + 4*h = 8*g - 28, 0 = -5*g - 2*h + 16. Suppose -12 = g*x, -4*p + 4*x = -2*p - 100. Suppose 0 = k - 3*k + p. What are the prime factors of k?
2, 11
Let n(i) = -i**2 - 27*i - 55. Let t be n(-28). Let h = 191 + t. List the prime factors of h.
2, 3
Let z(a) = 3*a - 10. Let l be z(5). Suppose 2*r + 4*u - 268 = 0, u - 2*u + 625 = l*r. What are the prime factors of r?
2, 31
Let o = -22 + 22. Let w = 2 + o. Suppose 0 = -w*g + 21 + 9. List the prime factors of g.
3, 5
Suppose 3*j = 7*j - 36. Suppose -4*g + j*g = 20. Suppose -3*h + 64 = -g*y, 0*y + 48 = 4*h + 4*y. What are the prime factors of h?
2
Let m be -14*((6 - 3) + 56). What are the prime factors of (-24)/(-108) - m/9?
2, 23
Let o be -5 + 2 - 26*(-4 + 1). Let j(g) = g**2 + 4*g + 3. Let m be j(-3). Suppose -3*i + m*i = -o. List the prime factors of i.
5
Suppose -27 = -4*a + a. Let c be 5*a/((-225)/(-130)). Suppose -c = -2*r + 88. List the prime factors of r.
3, 19
Let s(o) be the first derivative of o**4 - 4*o**3/3 - 3*o**2/2 + 6*o + 3. What are the prime factors of s(3)?
3, 23
Let m = 1283 - -1465. List the prime factors of m.
2, 3, 229
Suppose -5*k - 15 = -4*y, -2*k - 1 = y - 8. Suppose 0 + 15 = y*l. Suppose -7 - 10 = -2*m + 3*h, -5*h - l = 3*m. What are the prime factors of m?
2
Let n(i) = i**3 + 8*i**2 - 26*i + 9. What are the prime factors of n(9)?
2, 3
Let i be 475 + -13 + (1 - 3). Suppose 8*g - 3*g = i. List the prime factors of g.
2, 23
List the prime factors of (-18)/(-12)*(-24)/(-9) - -22.
2, 13
Suppose 3*f - 31 = -2*f + 4*v, 32 = 5*f - 3*v. Suppose 0 = -f*k + 257 + 562. What are the prime factors of k?
3, 13
Suppose -46*x = -52*x + 2334. What are the prime factors of x?
389
Let a(u) = -u**3 - 8*u**2 + 4*u + 8. Let y be a(-8). Let i be 2500/24 + 4/y. Let x = i + -54. List the prime factors of x.
2, 5
Suppose 52 = 5*a + 12. Let f(y) = 19*y + 2. List the prime factors of f(a).
2, 7, 11
Let x = 6972 - 3534. What are the prime factors of x?
2, 3, 191
Let t = 22 - 18. Suppose -2*q - 3*z + t = -3*q, 3*q + z = 28. What are the prime factors of q?
2
Suppose 3*m - 2*m + 2 = 0. Suppose 13 + 63 = 2*b - 4*z, 3*b = -5*z + 103. List the prime factors of ((-1)/3)/(m/b).
2, 3
Suppose w + 5*j - 155 = 0, -4*j - 366 = -2*w - 14. Let k be (1 + 0)*w/5. Let f = k + -4. What are the prime factors of f?
2, 3, 5
Let w be 3/12*2*32. Let u = w + -12. List the prime factors of (u/5)/((-1)/(-25)).
2, 5
What are the prime factors of (-1)/((-18)/(-126) - (-1341)/(-9338))?
2, 23, 29
Let q be -13 - 4/(-6)*3. Let z = q - -17. List the prime factors of 44 - (z/(-3))/(-2).
43
Suppose 0 = j + 4*d - 309, -3*j + 2*d + 897 = -d. What are the prime factors of j?
7, 43
Let h = 8 - 5. Let b(x) = -7*x + 3*x + 5*x**2 + 13*x - x**h - 2. List the prime factors of b(6).
2
Suppose 3*n - 6 + 0 = 5*j, 2 = -2*j + n. Suppose -6*s - 8 = -200. Suppose -m + u + 0*u + 22 = j, 2*m - s = -u. List the prime factors of m.
2, 3
Suppose 32920 - 124095 = -35*y. List the prime factors of y.
5, 521
Suppose -17 = -2*w + t - 4*t, -9 = -3*t. Suppose 3*r + w*j - 173 = -0*r, -r + 66 = 3*j. List the prime factors of r.
3, 17
Let y(l) = -10*l - 4. Let p be y(-1). Suppose 0 = 3*v - p*v + 102. What are the prime factors of v?
2, 17
Let j be (-2 + (-3 - -2))*-1 - -2. Suppose -3*f + 109 = n, -j*f + 506 + 49 = 5*n. List the prime factors of n.
2, 7
Let n = -6 + 21. List the prime factors of 355/n + (-8)/(-6).
5
Let z(f) = -2*f**3 - 13*f**2 + 20*f + 13. What are the prime factors of z(-13)?
2, 3, 5, 13
Let t(z) = z**3 + 22*z**2 + 45*z - 7. Let r be t(-18). Let o = -335 + r. What are the prime factors of o?
2, 3
Suppose -8*b + 3*b + 5*c + 26340 = 0, 3*b = 2*c + 15799. List the prime factors of b.
19, 277
Let y(k) = -6*k - 51. Let r be y(-16). Let w = -1 - -5. Suppose -7*z + w*z = -r. What are the prime factors of z?
3, 5
Let k(o) = 517*o**3 - o**2 + o + 1. Let n be k(1). Suppose 4*q - 515 = -6*h + h, -2*h + n = 4*q. What are the prime factors of q?
2, 5, 13
Suppose 14*q + 3*q = -2346. Let a = q + 237. List the prime factors of a.
3, 11
Let v(s) = 434*s - 240. List the prime factors of v(8).
2, 101
Let y be 22/33 - (-32)/6. Suppose 3*j = y*j + 2895. What are the prime factors of 3/(-18) + j/(-30)?
2
Let f(d) = 8*d. Let h be f(2). Let p be (10/(-8))/(1/h). What are the prime factors of 3 - 2/2*p?
23
What are the prime factors of 7943/6 + 73/438?
2, 331
Suppose 105*w + 23750 = 109*w - 2*u, 0 = 3*u - 3. List the prime factors of w.
2, 2969
Let i(m) = 13*m**2 + 11*m**2 - 25*m**2 + 13*m + 33. What are the prime factors of i(15)?
3
Let h(w) = w**2 - 15*w - 2. Let i be h(16). Suppose 0 = -3*m + i + 1, p + m - 125 = 0. List the prime factors of p.
2, 3, 5
Let c(v) = 3*v - 5. Let x be c(2). Let d be (6/(-4))/(x/(-2)). Suppose d*z - 27 = 36. List the prime factors of z.
3, 7
Suppose -5743 + 937 = -9*t. List the prime factors of t.
2, 3, 89
Let w(l) = l + 33. Let n(z) = z**3 - 18*z**2 + z - 7. Let k be n(18). List the prime factors of w(k).
2, 11
Let b = 21 + -23. Let s(x) = -15*x**3 + x**2 - x + 2. List the prime factors of s(b).
2
Let p(z) be the second derivative of 0 - 13/2*z**2 - 1/3*z**3 + 3*z. List the prime factors of p(-9).
5
Let t be 3/((-7)/((-14)/(-3))). What are the prime factors of t/9 - 5776/(-72)?
2, 5
Suppose -2*a = 4*i + 4, 5*i = -4*a - 6 - 2. Let j(y) = -61 + 3*y**2 + y + 123 - 61 - 2*y**3. List the prime factors of j(a).
3
Let b(o) = -o**3 + 10*o**2 + 8*o + 1. Let u be b(7). Suppose w + 57 + 11 = -l, w - u = 3*l. What are the prime factors of -4*(l/16 + 1)?
13
Suppose 0 = -3*z + k + 16 - 0, -4*z - 4*k + 32 = 0. Suppose -4*o - 5*f + 43 = -z, -2*o = -2*f - 2. List the prime factors of o.
2, 3
Suppose -3*k - 549 = -177. Let o(i) = 2*i + 5. Let n be o(-3). What are the prime factors of n/6 - k/24?
5
Let v(t) = 226*t - 9. Suppose -11 = 4*c - 7*c + 4*j, -5*c + 5*j + 15 = 0. What are the prime factors of v(c)?
7, 31
Let v = 102 - -21. List the prime factors of v.
3, 41
Let i(c) = -c**3 + 28*c**2 + 83*c - 44. List the prime factors of i(30).
2, 17, 19
What are the prime factors of 22/(-6)*-733 - 20/30?
2687
Su